 -9.
2
-2 - -20 - (-4 - (-28 + 19))
13
Evaluate -1 + -1 - (191 + -204 + (0 - -9)).
2
What is (6 - (-9 - 0 - (137 + -146))) + -10?
-4
Evaluate 0 - ((-3 - 1 - -1) + 1631 + -1653).
25
Calculate 7 + -8 + -6 + -2 + 3 + 1.
-5
What is (2 - 0 - (7 - 4)) + (40 - 52)?
-13
What is -3 - (8 - 11) - 13?
-13
-34 - -14 - (-29 - -4)
5
Evaluate -7 - -4 - (18 - (21 + -12)).
-12
-5 + -9 + 18 + -25
-21
-43 + 44 + -19 + 6
-12
What is 12 + 0 - (4 - (0 + 14 + -12))?
10
Calculate 12 + 8 - (54 - 58).
24
-12 + 12 + -15 - -17
2
What is -15 - (-5 + 0 + -19)?
9
What is -2 + -9 + 20 - 7?
2
Evaluate 79 - 83 - (3 + -8).
1
Calculate 26 - (18 + (-7 - -4)).
11
What is -34 + 46 - 3 - 48?
-39
Calculate (2 - -7) + (36 - 20 - 35).
-10
Evaluate 1572 + -1563 + (-1 - (22 + -1)).
-13
5 + -13 + (12 - (-15 + 8) - 4)
7
Evaluate 2 - 3 - (12 - (19 + 2)) - -3.
11
-12 + 15 + 2 + 13 + -4
14
What is -74 - -70 - (-10 - -4)?
2
What is the value of (10 - 1) + (-33 - -61 - 24)?
13
What is the value of 0 - (-8 + 5 + 3 - (3 - -3))?
6
Evaluate (-6 - -2) + -17 + -8 + 14.
-15
Calculate -15 + -15 + -2 + (-23 - -23).
-32
Evaluate (-1 - 11) + (11 - (20 - (1 - -11))).
-9
What is 3 - 6 - (-3 - (-15 + 4))?
-11
What is -19 - (15 + -18 + (7 + -4 - 5))?
-14
What is the value of (-36 - -24) + (-5 - -24) - 34?
-27
29 - (-45 + 69) - (1 - (2 + 4))
10
Evaluate -23 + -1 + 41 + -4 + -27.
-14
Calculate 38 - 40 - (-1 + 1 + 1).
-3
What is (-2 - (6 + (1 + -14 - -7))) + -4?
-6
(-13 - (7 - 11)) + 14
5
Evaluate 11 - (-34 + 13) - 36.
-4
(11 - 25 - -24) + (-31 - -1)
-20
(9 - 13) + (7 - 20) + (-2 - -7)
-12
-13 - (-29 + 11) - 11
-6
Calculate 9 - (-6 + 11 + 1).
3
Evaluate (-451 - -445) + (2 - (-34 - -2)).
28
Calculate -15 + (-2 - -1) + (-1 - -2) + 1.
-14
Evaluate 405 + -418 + (22 - -1).
10
-19 - -21 - (-6 + 15)
-7
What is the value of -5 + (33 - 11) - 10?
7
(-7 + -16 - -4) + 12 + (23 - 1)
15
Evaluate -53 - (42 + (15 - 100)).
-10
What is the value of (-10 + 21 - (1 + 15)) + 9?
4
Calculate -6 + 1 + 60 + -65 + (1 - -1).
-8
What is the value of 20 + -33 + 3 + 15?
5
7 - (-8 - (2 + -2 + (-15 - -25)))
25
-10 - (35 + (-48 - 27))
30
Calculate 9 - (-9 - -13) - (25 - 10).
-10
Evaluate 2 + (4 - 1) + 6 + -4 + -1.
6
What is (-14 - -4) + 3 + 7?
0
What is the value of 1 + 17 + (27 - -2) + -42?
5
-20 - (-1 - 10) - -7
-2
What is the value of -34 - (-18 + 8) - (-1 + 2 + -10)?
-15
(8 - 19 - -8) + -1 + (-10 - -3)
-11
(9 - -25 - 7) + -16
11
What is the value of -13 + (24 - (-27 - -16))?
22
(177 - 180) + 2 + 2
1
Evaluate 40 + 6 + -38 - (-14 - 0).
22
(4 - -1) + (26 - 24) + -7 + 16
16
Evaluate (-16 - -5) + 6 + -5.
-10
Calculate (19 - 29 - 29) + (1 - -9 - 1).
-30
What is -16 + (14 - 1) + 17?
14
Calculate -18 - (6 - (9 - -12)).
-3
9 - (-6 - -7 - -22)
-14
What is the value of 1 + -7 + 0 + 3 + (-93 - -81)?
-15
Evaluate -3 + (-8 - -3 - 17).
-25
What is the value of -8 + 5 - (3 - 2 - 14)?
10
What is (-4 - 4) + 5 + -1 + 2 - 2?
-4
What is the value of (25 - (0 - 0)) + (9 - 7 - 6)?
21
What is -2 - (36 - 36 - (6 - 0) - 5)?
9
Evaluate 6 - ((3 - -4) + 9 + -12).
2
(1 - 10) + (-1 - -15) - -11
16
What is -1 + 1 + -7 + 593 + -560?
26
4 + 0 + -19 + -17 + (18 - 7)
-21
Calculate -36 + -1 - (-3 - (19 + (-15 - -3))).
-27
What is (5 - ((15 - 20) + 9)) + -19?
-18
Evaluate 25 + (-9 - (25 + -1)).
-8
What is 23 + (4 + 13 - 32)?
8
What is the value of 5 + (17 - -8) + -5 - 5?
20
Calculate (29 - 26) + -12 + (-3 - -3 - 0).
-9
Calculate (4 - 1) + (7 - 16) + -8 + 15.
1
What is -1 + 2 + (0 - (-9 - -19) - -5)?
-4
What is the value of 0 + -5 - (987 - 984)?
-8
Evaluate 5 - -4 - (4 + (3 - -1) + -1).
2
What is the value of -1 + 3 - 3 - (-20 - (4 + 0))?
23
What is -1 - (-12 + 7 + -2 + 8 - 2)?
0
(125 + -122 - (-2 + 5)) + -4
-4
Calculate 18 - (8 - (-11 - 4)).
-5
Evaluate -10 + 11 - (7 - (8 - 4)).
-2
(-9 - (21 - -1 - (-2 + 8))) + 7
-18
What is 3 - (2 - 2) - (15 - 16)?
4
What is 6 + (8 - 5) - (7 + 14)?
-12
Evaluate 12 + -14 + 5 + (4 - 1) + 8.
14
Evaluate -26 + 46 + -9 + 2.
13
(-15 - 6 - 6) + -1 + -10 + 9
-29
Calculate -25 + 27 + -18 - -22.
6
-2 - (-1 - 1) - (-793 - -787)
6
Evaluate 18 - (5 + 9 + 0).
4
Evaluate (-19 + 2 - -19) + (1 - -4).
7
Evaluate 21 - (-15 + 25) - 20.
-9
What is (-1 + -1 - -19) + (-39 - -18) + 16?
12
500 - 509 - ((1 - -1) + -11)
0
-9 - (0 + 11 + (-33 - -11))
2
Evaluate 8 - 2 - -2 - 6.
2
What is the value of 250 - 239 - (1 - -6)?
4
What is 2 + 26 - (-73 + 86) - 43?
-28
Calculate 4 + 15 + (67 - 92).
-6
Evaluate 15 + ((-8 - -15) + -27 - (7 + -18)).
6
4 + 0 + 9 + -4 + -4 + 0
5
What is the value of -6 + 0 + 58 + -48?
4
What is the value of (-16 - 1) + 33 + -3 + -27?
-14
(-14 - (-1 + 4)) + 22 + -18
-13
223 - 216 - (0 + 20)
-13
Calculate 8 + (40 - 53) + (-4 - -1).
-8
Evaluate 16 + (-9 + (4 - 4) - (-1 - 2)).
10
What is the value of 2 + 2 + -10 + (12 - (-13 - -8))?
11
What is the value of (-15 - 6 - -11) + 3 - (-12 + -7)?
12
(-10 - (-30 + 11) - (19 - -1)) + -7
-18
What is 6 - (5 + (-2 - 1) + -12)?
16
Evaluate 17 + -11 - ((4 + -1 - 3) + 3).
3
Calculate -9 - (221 + -248 - (0 - 19)).
-1
Calculate -7 + (8 - (-1 + (1 - -1) + -6)).
6
What is the value of 0 + -2 - 3 - -7 - 7?
-5
What is the value of (135 - 131) + (-2 - 1 - (4 + -4))?
1
-4 + 42 + -2 + -11 + -15
10
What is 63 - 54 - (20 - 44)?
33
12 + -14 + -14 + 21
5
-1386 - -1378 - (25 + (-2 - -1))
-32
Evaluate -165 + 178 + (0 - 3).
10
What is -3 + 11 + -14 - -10 - (16 - -1)?
-13
Calculate 14 + (3 + -10 - -2).
9
Evaluate (-8 - -1 - (13 + -20 - -6)) + -3.
-9
What is the value of (3 - 21) + (50 - 50)?
-18
Evaluate (-5 - -7) + -5 - (6 - 30 - -4).
17
33 - ((-5 - 0) + 8 + -5) - 3
32
Evaluate 24 - (3 + (-3 - -6) - 10 - -2).
26
What is the value of (3 - 5) + 8 - (-34 + 25)?
15
Calculate 19 + -51 + (22 - 2).
-12
Evaluate -11 + 24 + 2 + -4.
11
Calculate 7 - (-30 - -30) - (-15 + 0).
22
What is the value of -1 - ((2 - 17) + (9 - 2 - 7))?
14
What is -52 - (9 + -26 + -29)?
-6
Calculate 4 + 1 + -4 + 10 + -7 - -5.
9
What is the value of (9 + -6 - 8 - -9) + -2 - -7?
9
-5 + (-11 - -20 - (6 + 0)) + -3
-5
Evaluate (-8 - (25 + -9 + 2)) + (3 - 2).
-25
Calculate (11 - 0) + -1 - (65 + -66).
11
Evaluate 15 - 0 - (-9 + 11 + 4) - -1.
10
4 - (8 - 6 - ((-1 - -2) + 2))
5
Calculate (12 - 8) + -10 - -6.
0
Calculate 4 - 1 - (-29 - -18).
14
Calculate 15 - -21 - 23 - 35.
-22
Evaluate 19 + -20 + (-13 - (5 + -1 - 7)).
-11
(1 - 36) + (2203 - 2157)
11
(10 - (0 - -15) - 3) + 1
-7
Evaluate -8 + (6 - 2) + (-2 - 2).
-8
-3 - ((-16 - -9) + -5) - 1
8
What is the value of -6 - ((6 - 2) + -8)?
-2
Evaluate (-53 + 10 - -32) + -23.
-34
Calculate 20 + (-18 - (12 + -22)).
12
What is (11 - 16) + (-2 + 2 - -1) - -17?
13
-53 + 12 + 23 - (2 - -2)
-22
What is the value of -20 - (1 + (1 - -4 - (-12 - -17)))?
-21
What is 159 + -150 + (2 - 0 - 3)?
8
What is the value of -24 + 1 - (-17 + -20 + 38 + 0)?
-24
What is -3 - ((-29 - -14) + 1)?
11
Calculate 13 + (9 - -9 - 20).
11
42 - (37 + (-25 - -4))
26
What is the value of 2 + 25 + -3 + 4 + -9 + -2?
17
Evaluate 2 + -6 + 2 + -12.
-14
What is the value of (61 - 69) + (6 - -1) + -11?
-12
Calculate (6 - -1 - (-5 + 23)) + 15.
4
Evaluate 19 + 1 - (-1 + -52 - -48).
25
What is 10 - 6 - (8 - 1) - (-2 - 3)?
2
Evaluate 3 + -3 + -20 + 12.
-8
What is the value of (-17 - (-13 + 20)) + 50?
26
Calculate (-4 - 43) + 29 + 36.
18
What is 4 - 1 - (62 + -14 - 61)?
16
-4 - (-5 + (-45 - -50) + 1 + -27)
22
Evaluate (-10 - (-23 + 9)) + -18.
-14
Calculate 12 + -34 + 8 - -15.
1
Evaluate 29 + -25 - (-2 + 2 + 2).
2
5 - -2 - (-11 + 11)
7
Evaluate -7 + 14 + -18 - (-1 + -18).
8
Evaluate 0 - ((2 - (0 - 4)) + -47 + 50).
-9
Evaluate -9 + 5 - 5 - (-6 + -2).
-1
Calculate -19 + 41 + -54 - -1.
-31
What is -11 + -1 + (12 - (6 - 1))?
-5
What is the value of 7 + -7 + (-6 - 1)?
-7
What is the value of 40 - ((-17 - -18) + 33 + -15)?
21
(-21 - -1) + -2 + (6 + 15 - 19)
-20
What is (8 - 1) + -11 - 3 - (-3 + -1)?
-3
(4 - (-5 + -3) - 13) + -5
-6
3 + (5 - 8 - 3) + 19
16
Evaluate (-5 - -1) + (-23 - (-35 - -24)).
-16
Evaluate -4 + 36 - 39 - -36.
29
Evaluate -2 + (-21 - -13) + -19.
-29
Evaluate -5 - (37 + -18) - -17.
-7
Evaluate (-4 - 1) + (18 - (-19 + 28)).
4
-169 + 196 + (-5 - 4)
18
Calculate (-15 - (-37 + 44)) + -14.
-36
What is the value of 0 - (2 + 4) - -5 - 0 - 12?
-13
Evaluate ((-2 - -9) + -2 - (-24 - -24)) + -3.
2
Evaluate -27 - (-9 - -35 - 81).
28
Evaluate 34 - -13 - 13 - 1.
33
Evaluate 20 + -18 +